{"id":6175,"date":"2022-10-13T10:56:11","date_gmt":"2022-10-13T13:56:11","guid":{"rendered":"https:\/\/ceasiaufpe.com.br\/?page_id=6175"},"modified":"2024-10-30T10:00:23","modified_gmt":"2024-10-30T13:00:23","slug":"literatura-asiatica-2","status":"publish","type":"page","link":"https:\/\/ceasiaufpe.com.br\/?page_id=6175","title":{"rendered":"Literatura Asi\u00e1tica"},"content":{"rendered":"\t\t<div data-elementor-type=\"wp-page\" data-elementor-id=\"6175\" class=\"elementor elementor-6175\">\n\t\t\t\t\t\t\t\t\t<section class=\"has_eae_slider elementor-section elementor-top-section elementor-element elementor-element-32db2bb9 elementor-section-boxed elementor-section-height-default elementor-section-height-default\" data-id=\"32db2bb9\" data-element_type=\"section\">\n\t\t\t\t\t\t<div class=\"elementor-container elementor-column-gap-default\">\n\t\t\t\t\t<div class=\"has_eae_slider elementor-column elementor-col-100 elementor-top-column elementor-element elementor-element-7b39244e\" data-id=\"7b39244e\" data-element_type=\"column\">\n\t\t\t<div class=\"elementor-widget-wrap elementor-element-populated\">\n\t\t\t\t\t\t\t\t<div class=\"elementor-element elementor-element-668065d elementor-button-info elementor-widget elementor-widget-button\" data-id=\"668065d\" data-element_type=\"widget\" data-widget_type=\"button.default\">\n\t\t\t\t<div class=\"elementor-widget-container\">\n\t\t\t\t\t<div class=\"elementor-button-wrapper\">\n\t\t\t<a href=\"https:\/\/ceasiaufpe.com.br\/?page_id=6203\" class=\"elementor-button-link elementor-button elementor-size-sm\" role=\"button\">\n\t\t\t\t\t\t<span class=\"elementor-button-content-wrapper\">\n\t\t\t\t\t\t\t<span class=\"elementor-button-icon elementor-align-icon-right\">\n\t\t\t\t<i aria-hidden=\"true\" class=\"fas fa-search\"><\/i>\t\t\t<\/span>\n\t\t\t\t\t\t<span class=\"elementor-button-text\">Pesquisadores Associados <\/span>\n\t\t<\/span>\n\t\t\t\t\t<\/a>\n\t\t<\/div>\n\t\t\t\t<\/div>\n\t\t\t\t<\/div>\n\t\t\t\t<div class=\"elementor-element elementor-element-200de663 elementor-widget elementor-widget-text-editor\" data-id=\"200de663\" data-element_type=\"widget\" data-widget_type=\"text-editor.default\">\n\t\t\t\t<div class=\"elementor-widget-container\">\n\t\t\t<style>\/*! elementor - v3.6.2 - 04-04-2022 *\/\n.elementor-widget-text-editor.elementor-drop-cap-view-stacked .elementor-drop-cap{background-color:#818a91;color:#fff}.elementor-widget-text-editor.elementor-drop-cap-view-framed .elementor-drop-cap{color:#818a91;border:3px solid;background-color:transparent}.elementor-widget-text-editor:not(.elementor-drop-cap-view-default) .elementor-drop-cap{margin-top:8px}.elementor-widget-text-editor:not(.elementor-drop-cap-view-default) .elementor-drop-cap-letter{width:1em;height:1em}.elementor-widget-text-editor .elementor-drop-cap{float:left;text-align:center;line-height:1;font-size:50px}.elementor-widget-text-editor .elementor-drop-cap-letter{display:inline-block}<\/style>\t\t\t\t<p><!-- wp:image {\"id\":6176,\"sizeSlug\":\"full\",\"linkDestination\":\"none\"} --><\/p>\n<figure class=\"wp-block-image size-full\"><img loading=\"lazy\" width=\"891\" height=\"512\" class=\"wp-image-6176\" src=\"https:\/\/ceasiaufpe.com.br\/wp-content\/uploads\/2022\/10\/Literatura_Asiatica-1.png\" alt=\"\" srcset=\"https:\/\/ceasiaufpe.com.br\/wp-content\/uploads\/2022\/10\/Literatura_Asiatica-1.png 891w, https:\/\/ceasiaufpe.com.br\/wp-content\/uploads\/2022\/10\/Literatura_Asiatica-1-300x172.png 300w, https:\/\/ceasiaufpe.com.br\/wp-content\/uploads\/2022\/10\/Literatura_Asiatica-1-768x441.png 768w, https:\/\/ceasiaufpe.com.br\/wp-content\/uploads\/2022\/10\/Literatura_Asiatica-1-816x469.png 816w\" sizes=\"(max-width: 891px) 100vw, 891px\" \/><\/figure>\n<p><!-- \/wp:image --><\/p>\n<h6 class=\"has-text-align-right\"><span style=\"vertical-align: inherit;\"><span style=\"vertical-align: inherit;\"><span style=\"vertical-align: inherit;\"><span style=\"vertical-align: inherit;\">Curadora: Simone Martins Cabral &#8211; <a href=\"https:\/\/orcid.org\/0000-0003-2997-0513\">orcid.org<\/a><\/span><\/span><\/span><\/span><\/h6>\n<p><!-- \/wp:buttons --><!-- wp:paragraph --><\/p>\n<p><span style=\"vertical-align: inherit;\"><span style=\"vertical-align: inherit;\"><span style=\"vertical-align: inherit;\"><span style=\"vertical-align: inherit;\">Pressupondo-se um contexto no qual a pluralidade de culturas &#8211; nivelada pela globaliza\u00e7\u00e3o &#8211; resulta na redu\u00e7\u00e3o das diferen\u00e7as, que passa a ser notada em termos de diversidade de produtos de consumo, a Curadoria de Literatura Asi\u00e1tica busca investigar a produ\u00e7\u00e3o cultural da \u00c1sia, em Especialmente liter\u00e1rio, enfrenta os discursos polarizados e massificados, que enfraquecem o papel do sujeito como ser aut\u00f4nomo e emancipado.<\/span><\/span><\/span><\/span><\/p>\n<p><!-- \/wp:paragraph --><!-- wp:paragraph --><\/p>\n<p><span style=\"vertical-align: inherit;\"><span style=\"vertical-align: inherit;\"><span style=\"vertical-align: inherit;\"><span style=\"vertical-align: inherit;\">Tendo como objetivo desenvolver e desenvolver, por meio da produ\u00e7\u00e3o liter\u00e1ria asi\u00e1tica, o conhecimento liter\u00e1rio de forma multidisciplinar e dial\u00f3gica de interpreta\u00e7\u00e3o, proporcionando um espa\u00e7o de ressignifica\u00e7\u00e3o e anamnese do sujeito\/leitor e do sujeito\/narrador, esta curadaria acredita que a literatura representa um dos fios de resist\u00eancia \u00e9 uma alternativa contra o aprisionamento intelectual. Este aprisionamento est\u00e1 presente em contextos predominantemente de nega\u00e7\u00e3o, em frases feitas e em not\u00edcias falsas. Por meio da leitura de obras liter\u00e1rias de pa\u00edses membros da \u00c1sia, busca-se responder se o di\u00e1logo intercultural \u00e9 uma possibilidade de ressignifica\u00e7\u00e3o do sujeito e de identifica\u00e7\u00e3o do dito e do n\u00e3o dito pelo narrador.<\/span><\/span><\/span><\/span><\/p>\n<p><!-- \/wp:paragraph --><!-- wp:paragraph --><\/p>\n<p><!-- \/wp:paragraph --><!-- wp:paragraph --><\/p>\n<h3><span style=\"vertical-align: inherit;\"><span style=\"vertical-align: inherit;\"><span style=\"vertical-align: inherit;\"><span style=\"vertical-align: inherit;\">Literatura Asi\u00e1tica<\/span><\/span><\/span><\/span><\/h3>\n<p><!-- \/wp:paragraph --><!-- wp:paragraph --><\/p>\n<p><span style=\"vertical-align: inherit;\"><span style=\"vertical-align: inherit;\"><span style=\"vertical-align: inherit;\"><span style=\"vertical-align: inherit;\">Diante de um contexto em que a pluralidade cultural &#8211; nivelada pela globaliza\u00e7\u00e3o &#8211; resulta na redu\u00e7\u00e3o das diferen\u00e7as que se notam na diversidade de bens adquiridos, a Curadoria de Literatura Asi\u00e1tica investiga a produ\u00e7\u00e3o cultural asi\u00e1tica, especialmente na literatura, abordando discursos polarizados e massificados, que fragilizam o lugar do indiv\u00edduo como independente e emancipado.<\/span><\/span><\/span><\/span><\/p>\n<p><!-- \/wp:paragraph --><!-- wp:paragraph --><\/p>\n<p><span style=\"vertical-align: inherit;\"><span style=\"vertical-align: inherit;\"><span style=\"vertical-align: inherit;\"><span style=\"vertical-align: inherit;\">Por ter como objetivo desenvolver e interpretar, por meio da produ\u00e7\u00e3o liter\u00e1ria asi\u00e1tica, o conhecimento liter\u00e1rio numa perspectiva multidisciplinar e dial\u00f3gica, proporcionando um espa\u00e7o de ressignifica\u00e7\u00e3o e anamnese do leitor e do narrador, esta curadaria acredita que a literatura representa um dos poss\u00edveis fios de resist\u00eancia \u00e9 uma alternativa ao aprisionamento intelectual. Este aprisionamento est\u00e1 presente onde prevalecem a nega\u00e7\u00e3o, as frases de efeito e as fake news. Por meio da leitura de obras liter\u00e1rias asi\u00e1ticas, a curaria busca responder se o di\u00e1logo intercultural \u00e9 uma possibilidade de ressignifica\u00e7\u00e3o do indiv\u00edduo; se, por meio da leitura da literatura, \u00e9 poss\u00edvel identificar o que est\u00e1 aqui e o que n\u00e3o \u00e9 dito pelo narrador.<\/span><\/span><\/span><\/span><\/p>\n<p>\u00a0<\/p>\n<p><!-- \/wp:paragraph --><!-- wp:paragraph --><!-- \/wp:paragraph --><!-- wp:paragraph --><!-- \/wp:paragraph --><!-- wp:paragraph --><\/p>\n<h3><span style=\"vertical-align: inherit;\"><span style=\"vertical-align: inherit;\"><span style=\"vertical-align: inherit;\"><span style=\"vertical-align: inherit;\">Literatura Asi\u00e1tica<\/span><\/span><\/span><\/span><\/h3>\n<p><!-- \/wp:paragraph --><!-- wp:paragraph --><\/p>\n<p><span style=\"vertical-align: inherit;\"><span style=\"vertical-align: inherit;\"><span style=\"vertical-align: inherit;\"><span style=\"vertical-align: inherit;\">Se pressup\u00f5e um contexto em que a pluralidade de culturas &#8211; desgastada pela globaliza\u00e7\u00e3o &#8211; ocasiona a redu\u00e7\u00e3o das diferen\u00e7as, o que se torna evidente em termos de diversidade de produtos de consumo. Por isso, a Curadoria de Literatura Asi\u00e1tica busca investigar a produ\u00e7\u00e3o cultural da \u00c1sia, especialmente em sua vertente liter\u00e1ria, enfrentando os discursos polarizados e masificados, que debilitam o papel do sujeito como ser independente e emancipado. Tendo como objetivo desenvolver e interpretar, por meio da an\u00e1lise da produ\u00e7\u00e3o liter\u00e1ria asi\u00e1tica, o conhecimento liter\u00e1rio de forma multidisciplinar e dial\u00f3gica, gerando assim um espa\u00e7o de ressignifica\u00e7\u00e3o e anamnese do sujeito\/leitor e do sujeito\/narrador, esta Curadoria desafia a literatura como representante dos fios de resist\u00eancia e uma alternativa contra o aprisionamento intelectual. Este aprisionamento est\u00e1 presente em contextos predominantemente de nega\u00e7\u00e3o, frases hechas e not\u00edcias falsas. Por meio da palestra de obras liter\u00e1rias de pa\u00edses membros da \u00c1sia, pretende-se responder se o di\u00e1logo intercultural constitui uma possibilidade de ressignifica\u00e7\u00e3o do sujeito e de identifica\u00e7\u00e3o do dito e n\u00e3o dito pelo narrador.<\/span><\/span><\/span><\/span><\/p>\t\t\t\t\t\t<\/div>\n\t\t\t\t<\/div>\n\t\t\t\t\t<\/div>\n\t\t<\/div>\n\t\t\t\t\t\t\t<\/div>\n\t\t<\/section>\n\t\t\t\t\t\t\t<\/div>\n\t\t","protected":false},"excerpt":{"rendered":"<p>Pesquisadores Associados Curadora: Simone Martins Cabral &#8211; orcid.org Pressupondo-se um contexto no qual a pluralidade de culturas &#8211; nivelada pela globaliza\u00e7\u00e3o &#8211; resulta na redu\u00e7\u00e3o das diferen\u00e7as, que passa a ser notada em termos de diversidade de produtos de consumo, a Curadoria de Literatura Asi\u00e1tica busca investigar a produ\u00e7\u00e3o cultural da \u00c1sia, em Especialmente liter\u00e1rio, [&hellip;]<\/p>\n","protected":false},"author":1,"featured_media":0,"parent":0,"menu_order":0,"comment_status":"closed","ping_status":"closed","template":"","meta":{"_editorskit_title_hidden":false,"_editorskit_reading_time":2,"_editorskit_is_block_options_detached":false,"_editorskit_block_options_position":"{}","_monsterinsights_skip_tracking":false,"_monsterinsights_sitenote_active":false,"_monsterinsights_sitenote_note":"","_monsterinsights_sitenote_category":0},"_links":{"self":[{"href":"https:\/\/ceasiaufpe.com.br\/index.php?rest_route=\/wp\/v2\/pages\/6175"}],"collection":[{"href":"https:\/\/ceasiaufpe.com.br\/index.php?rest_route=\/wp\/v2\/pages"}],"about":[{"href":"https:\/\/ceasiaufpe.com.br\/index.php?rest_route=\/wp\/v2\/types\/page"}],"author":[{"embeddable":true,"href":"https:\/\/ceasiaufpe.com.br\/index.php?rest_route=\/wp\/v2\/users\/1"}],"replies":[{"embeddable":true,"href":"https:\/\/ceasiaufpe.com.br\/index.php?rest_route=%2Fwp%2Fv2%2Fcomments&post=6175"}],"version-history":[{"count":31,"href":"https:\/\/ceasiaufpe.com.br\/index.php?rest_route=\/wp\/v2\/pages\/6175\/revisions"}],"predecessor-version":[{"id":8536,"href":"https:\/\/ceasiaufpe.com.br\/index.php?rest_route=\/wp\/v2\/pages\/6175\/revisions\/8536"}],"wp:attachment":[{"href":"https:\/\/ceasiaufpe.com.br\/index.php?rest_route=%2Fwp%2Fv2%2Fmedia&parent=6175"}],"curies":[{"name":"wp","href":"https:\/\/api.w.org\/{rel}","templated":true}]}}